{"id":2224,"date":"2025-01-08T17:27:22","date_gmt":"2025-01-08T15:27:22","guid":{"rendered":"https:\/\/www.meridiankreis.de\/?page_id=2224"},"modified":"2025-01-30T09:39:43","modified_gmt":"2025-01-30T07:39:43","slug":"start","status":"publish","type":"page","link":"https:\/\/www.meridiankreis.de\/","title":{"rendered":"Start"},"content":{"rendered":"\n<table class=\" aligncenter\" style=\"height: 100%; width: 100%; border-style: hidden;\">\n<tbody>\n<tr>\n<td style=\"width: 50%; border-style: hidden;\"><span style=\"color: #000000;\"><img loading=\"lazy\" decoding=\"async\" class=\"alignnone size-full wp-image-2213\" src=\"https:\/\/www.meridiankreis.de\/wp-content\/uploads\/2025\/01\/math_salon-scaled.jpg\" alt=\"\" width=\"1750\" height=\"2560\" srcset=\"https:\/\/www.meridiankreis.de\/wp-content\/uploads\/2025\/01\/math_salon-scaled.jpg 1750w, https:\/\/www.meridiankreis.de\/wp-content\/uploads\/2025\/01\/math_salon-205x300.jpg 205w, https:\/\/www.meridiankreis.de\/wp-content\/uploads\/2025\/01\/math_salon-700x1024.jpg 700w, https:\/\/www.meridiankreis.de\/wp-content\/uploads\/2025\/01\/math_salon-768x1123.jpg 768w, https:\/\/www.meridiankreis.de\/wp-content\/uploads\/2025\/01\/math_salon-1050x1536.jpg 1050w, https:\/\/www.meridiankreis.de\/wp-content\/uploads\/2025\/01\/math_salon-1400x2048.jpg 1400w, https:\/\/www.meridiankreis.de\/wp-content\/uploads\/2025\/01\/math_salon-520x761.jpg 520w, https:\/\/www.meridiankreis.de\/wp-content\/uploads\/2025\/01\/math_salon-360x527.jpg 360w, https:\/\/www.meridiankreis.de\/wp-content\/uploads\/2025\/01\/math_salon-250x366.jpg 250w, https:\/\/www.meridiankreis.de\/wp-content\/uploads\/2025\/01\/math_salon-100x146.jpg 100w\" sizes=\"auto, (max-width: 1750px) 100vw, 1750px\" \/><\/span><\/td>\n<td style=\"width: 50%; border-style: hidden;\">\n<h3>Mit Leidenschaft besch\u00e4ftige ich mich nun schon seit \u00fcber 30 Jahren mit der Geschichte des wissenschaftlichen Instrumentenbaus.<\/h3>\n<h3>Auf den folgenden Seiten k\u00f6nnen Sie sich \u00fcber meine Publikationen und Vortragsthemen informieren.<\/h3>\n<h3>Gerne biete ich Ihnen meine Hilfe bei der Recherche, Inventarisierung, Restaurierung oder Taxierung Ihrer historischen Instrumente an. <\/h3>\n<h3>Zudem kann ich Sie bei der Objektsuche, der Planung von Ausstellungen oder dem Lektorieren Ihrer Publikationen unterst\u00fctzen.<\/h3>\n<h3>Kontaktieren Sie mich einfach unter der E-Mail-Adresse: <a href=\"mailto:kost@meridiankreis.de\">kost@meridiankreis.de<\/a><\/h3>\n<h3><span style=\"color: #000000;\">Vielen Dank f\u00fcr Ihren Besuch! <br \/><\/span><\/h3>\n<h3><span style=\"color: #000000;\"><em>J\u00fcrgen Kost<\/em><\/span><\/h3>\n<p>\u00a0<\/p>\n<\/td>\n<\/tr>\n<\/tbody>\n<\/table>\n","protected":false},"excerpt":{"rendered":"<p>Mit Leidenschaft besch\u00e4ftige ich mich nun schon seit \u00fcber 30 Jahren mit der Geschichte des wissenschaftlichen Instrumentenbaus. Auf den folgenden Seiten k\u00f6nnen Sie sich \u00fcber meine Publikationen und Vortragsthemen informieren. Gerne biete ich Ihnen meine Hilfe bei der Recherche, Inventarisierung, [&hellip;]<\/p>\n","protected":false},"author":1,"featured_media":0,"parent":0,"menu_order":0,"comment_status":"closed","ping_status":"closed","template":"page-templates\/page_fullwidth.php","meta":{"footnotes":""},"class_list":["post-2224","page","type-page","status-publish","hentry","clearfix"],"_links":{"self":[{"href":"https:\/\/www.meridiankreis.de\/index.php?rest_route=\/wp\/v2\/pages\/2224","targetHints":{"allow":["GET"]}}],"collection":[{"href":"https:\/\/www.meridiankreis.de\/index.php?rest_route=\/wp\/v2\/pages"}],"about":[{"href":"https:\/\/www.meridiankreis.de\/index.php?rest_route=\/wp\/v2\/types\/page"}],"author":[{"embeddable":true,"href":"https:\/\/www.meridiankreis.de\/index.php?rest_route=\/wp\/v2\/users\/1"}],"replies":[{"embeddable":true,"href":"https:\/\/www.meridiankreis.de\/index.php?rest_route=%2Fwp%2Fv2%2Fcomments&post=2224"}],"version-history":[{"count":0,"href":"https:\/\/www.meridiankreis.de\/index.php?rest_route=\/wp\/v2\/pages\/2224\/revisions"}],"wp:attachment":[{"href":"https:\/\/www.meridiankreis.de\/index.php?rest_route=%2Fwp%2Fv2%2Fmedia&parent=2224"}],"curies":[{"name":"wp","href":"https:\/\/api.w.org\/{rel}","templated":true}]}}